s**2 - 7*s - 4. Let y be p(8). Let f = 1 - -1. Suppose -4*a - 24 = -2*u + a, -f*a = -y. What is the tens digit of u?
1
Suppose 4*p - 18 = 2*l, -l = -5*p - 4 + 25. Suppose -p = 12*n - 13*n. What is the units digit of n?
4
Let t be 8/(-6) + 18/(-27). Let p be 24/t + (-3 - -3). Let z(r) = -r**3 - 11*r**2 + 12*r + 6. What is the units digit of z(p)?
6
Let w be 1/((-1)/6)*6/(-12). Suppose -18 = -0*s + s. What is the tens digit of -1*((s - -2) + w)?
1
What is the units digit of 0/2 - -72 - (9 - 6)?
9
Let n(k) = k**3 + 4*k**2 - 3*k - 5. Let y be n(-4). Let j = 1 + y. Let i = j + -4. What is the units digit of i?
4
Let j = -11 + 23. What is the units digit of j?
2
Suppose 2*d - 63 = -3*d + 3*q, -5*q = -2*d + 10. What is the tens digit of d?
1
Let k be 20/30 + (-1)/(-3). Suppose 0 = -3*b + 16 - 1. Let i = b + k. What is the units digit of i?
6
Let t = 2 - -26. What is the units digit of t?
8
Let c(t) = -51*t**3 + 3*t**2 + 3*t + 1. What is the tens digit of c(-1)?
5
Let k = 9 - 15. Let j = -4 - k. Let f = j - 1. What is the units digit of f?
1
Let g = -40 + 174. What is the units digit of g?
4
Suppose -2*q = -h - 6, -3*h + 2*q = -2*q + 12. Suppose 28 = -h*w + 2*w. What is the units digit of w?
4
Let d(w) = 17*w**2 + 3*w - 17. Let y(l) = -6*l**2 - l + 6. Let r(x) = 4*d(x) + 11*y(x). Suppose 3 + 1 = -2*z. What is the units digit of r(z)?
4
Suppose -3*g - 178 = -t, -7*t = -3*t + 8. Let h = -21 - g. What is the units digit of h?
9
Suppose -100 = -4*b - b. What is the units digit of (-12)/(-5)*b/3?
6
Suppose 81 = 3*v - 3*m, m + m - 33 = -v. What is the tens digit of v?
2
What is the hundreds digit of 0 + -3 + 3 + -1 - -172?
1
Suppose 5*h - 144 = -4*x, -5*x - 5*h = -0*h - 175. Suppose -2*c - x = -3*c. What is the units digit of c?
1
Let m(v) = -v**3 - 10*v**2 - 9*v + 5. Let w be m(-9). Suppose 0 = -w*a - x + 245, -4*a - 215 = -9*a + 5*x. What is the units digit of a?
8
Suppose -4*r = -7*r + 75. What is the units digit of r?
5
What is the units digit of -1 + (5 - 2) + 70?
2
Suppose 0 = 5*a - 55. What is the units digit of a?
1
Let y = 2 + 11. Let i = 2 + y. What is the units digit of i?
5
Suppose 6*d = 730 - 250. What is the tens digit of d?
8
Suppose -7*p + 11*p = 372. What is the units digit of p?
3
Let y = -9 - -14. Suppose -y*q + 203 = -4*w, -q - 2*w - 209 = -6*q. What is the units digit of q?
3
What is the units digit of ((-9)/36)/(2/(-680))?
5
Let h(v) = -v**2 - 2*v + 3. Let w be h(2). Let s = 41 - w. What is the units digit of s/5 - (-1)/(-5)?
9
Let v(a) = -a**3 + 4*a**2 + 2*a - 5. Let i be v(4). Suppose -i*q - q = -28. What is the units digit of q?
7
Let m(b) = 14*b - 3. What is the units digit of m(3)?
9
Suppose -44*y - 362 = -46*y. What is the hundreds digit of y?
1
Suppose -3*l = -15 - 0. Suppose 0 = 2*a - 5*o - 10, -l*a + 0*a + 2*o + 67 = 0. What is the units digit of a?
5
Let q(t) = -t**2 + 30*t + 12. What is the units digit of q(9)?
1
Let u(x) = 2*x**2 + 4*x - 6. Let h be u(-5). Suppose 7 - 33 = -4*f - 3*s, 4*f + 4*s - h = 0. What is the units digit of f?
8
Suppose 2*p - 34 = 4*z, -4 = z + p - 0*p. Let i = 23 + z. Let d = 30 - i. What is the tens digit of d?
1
Suppose 0 = -4*i + 4*x + x - 2, 8 = -i + 5*x. Suppose -24 = b - 2*b - 3*g, i*b - 4*g = 8. What is the units digit of b?
2
Suppose 100 + 176 = 3*o. What is the units digit of o?
2
Let d(l) = -l**2 + 2. Let o be d(-2). Let z be 186/45 + 4/(-30). Let f = z - o. What is the units digit of f?
6
Suppose 104 + 216 = 4*t. Suppose -4*a + t = a. What is the tens digit of a?
1
Suppose 19*t - 28 = 15*t. What is the units digit of t?
7
Let r(q) = q - 5. Let z be (-3)/(-4) + 231/12. Let a be 1/(-4) - (-145)/z. What is the units digit of r(a)?
2
Suppose -5*z = 87 - 292. What is the units digit of z?
1
Let v(j) = -9*j + 3. What is the units digit of v(-3)?
0
Suppose -8*m + 334 = -1202. What is the units digit of m?
2
Suppose 9*j - 10*j + 51 = 0. What is the tens digit of j?
5
Let v be (2/7)/(3/21). Suppose 1 = -v*d + 33. What is the units digit of d?
6
Suppose 0 = 3*i + 4*y - 76, -3*i + 3*y + y + 92 = 0. What is the tens digit of i?
2
Let m(y) = -9*y - 3. What is the units digit of m(-1)?
6
Let c(l) = -l - 1. Let a(m) = m - 11. Let q(b) = a(b) - c(b). Suppose 0 = -3*i + 5*f + 29, -f = -4*i + 4 + 46. What is the tens digit of q(i)?
1
Suppose -2*w = 5*n - 18, 3*w - 5*n + 2*n = 48. What is the units digit of w?
4
Let r = 47 + -47. Let z(f) = -f**2 + f + 5. Let y be z(0). Suppose r = 3*c + 2*c + 4*i - 15, -2*c + 6 = y*i. What is the units digit of c?
3
Let w be 15/(-30) - (-1)/2. Let p(i) = 2*i - 6. Let b be p(4). Suppose 2*q - b = w, -v + 25 = 5*q + 1. What is the tens digit of v?
1
What is the tens digit of 213*((-20)/(-12))/5?
7
Suppose -5*c + 32 - 6 = y, 4*y + 4*c - 24 = 0. What is the units digit of y?
1
Suppose b - 4*p = 9, 4*b + 10*p - 5*p + 69 = 0. Let w = b - -16. Suppose -2*v + 4*j - 5 = -43, -w*j + 11 = 2*v. What is the units digit of v?
3
Let r be 2/(-5) + 104/10. Let a = r + -6. What is the units digit of (5 + 1)/(-2 + a)?
3
Suppose -g = 2*k - 29, -43 + 188 = 5*g - 2*k. What is the units digit of g?
9
Let f(a) = -a**3 + 10*a**2 - 5*a - 9. What is the tens digit of f(6)?
0
Suppose 6*g - 2*g - 20 = 0. What is the units digit of g?
5
Let h = -17 + 74. What is the tens digit of h?
5
Suppose -6 = 2*g, 3*g = -4*v + 60 + 35. What is the tens digit of v?
2
Suppose 3*w + 9 = 6*w. What is the units digit of 16/w + (-3)/9?
5
Suppose 2*i + 163 = 4*i + 3*k, 169 = 2*i - 3*k. What is the units digit of i?
3
Suppose 5*n = -m + 3, 5*n + 16 = 1. Suppose -m = -2*k - 4*b, k + 2*b = -b + 10. What is the units digit of k?
7
Let m be 7/((-28)/8) + 33. What is the tens digit of (1 + m)/2 + -2?
1
Suppose 3*g - 2 = g, 0 = 4*n + 2*g - 30. Suppose -n*f + 3*f = -16. Let j = f - -3. What is the units digit of j?
7
Suppose -2*j = -3*y - 42, 0*j = j + 2*y - 7. Let w = j - -4. What is the units digit of w?
9
Let x(g) = -g. Let o be x(2). Let r be (-2)/(o/9) + 1. What is the units digit of (-3)/((-12)/r)*4?
0
Suppose 5*z + 10 = 0, -2*a + 9 = -4*z + 1. Suppose a*t = 4*t - 40. What is the units digit of t?
0
Let k(a) = 2*a**2 + 2*a - 2. Let v be k(2). Suppose -25 = -5*o + 2*y + v, 4*y + 5 = -3*o. What is the units digit of o?
5
Let z(l) = 18*l. Let b be z(1). Suppose 4*a + 5*q - 33 = 0, b = -4*a + 5*q + 1. Suppose -3*y = 3*r - 8*r - 10, y - a = 2*r. What is the units digit of y?
0
Suppose 92 = -4*t + 8*t. Suppose t - 8 = l. What is the tens digit of l?
1
Let h = -7 - -10. Suppose 0 = 3*u + 3, 3*t - h*u + u - 80 = 0. What is the tens digit of t?
2
Suppose 4*l - 8 = 2*l. Suppose 0*v - 2*v = 0. Suppose -5*m - t + 13 = -5*t, v = -2*m + t + l. What is the units digit of m?
1
Let s(i) = i**2 + 10*i + 7. Let n be s(-9). What is the tens digit of 14/n*18/(-7)?
1
Let m = -13 - -39. What is the tens digit of m?
2
Suppose 0 = 2*u + 3*y - 136, y + 136 = 2*u + 2*y. What is the tens digit of u?
6
Let n = 10 + -1. Let d be 8/3 + (-6)/n. Suppose 0 = -4*g - d*v + 8, 3*g - v - 11 = -0. What is the units digit of g?
3
Let j(b) = 17*b - 26. What is the tens digit of j(9)?
2
Let p(r) = -7*r + 20. Let g(w) = -4*w + 10. Let h(v) = 5*g(v) - 3*p(v). What is the units digit of h(11)?
1
Let b be (-8)/2*14/8. Let r be 0 - (b - 2/2). Suppose -2*y + r = -18. What is the units digit of y?
3
Let y be 1/(-5) - 1/(-5). Suppose y*m - 1 = -m. What is the units digit of m?
1
Let o be 26*2/(-4)*-2. Suppose -2*d + 8 = 2. Suppose 8 - o = -d*l. What is the units digit of l?
6
Let q be 1/(-2) - 1065/(-30). Let l = 24 + q. What is the units digit of l?
9
What is the tens digit of (-5)/3*-3 - -39?
4
Let b(h) = -28*h**3 - h**2 - h + 1. Let g be b(-2). Suppose -g = -5*n - k, -4*k = k + 10. Suppose -3*v + n = 2*v. What is the units digit of v?
9
Let j(r) = r**3 - 6*r**2 + 6*r - 1. Let b be j(4). Let q = -2 - b. What is the units digit of q?
7
Let l = 20 + 6. What is the units digit of l?
6
Suppose 3*c = -2*s - 5, -4*c - s = -5*s. Let v(f) = -3*f + 1. Let z be v(c). Suppose -z*k - 5*g + 4*g = -2, -10 = -2*k + 4*g. What is the units digit of k?
1
Suppose -2*c = -3*o + 122, o - 6*c + 5*c = 39. What is the units digit of o?
4
Suppose -4*d - 2 = -l, -5*l + d = -102 - 3. What is the units digit of l?
2
Suppose 2*w = -w + 3. Suppose -3*q - w = -2*q - h, -2*h - 4 = q. Let i = 3 + q